{"id":187,"date":"2015-06-17T06:24:41","date_gmt":"2015-06-17T09:24:41","guid":{"rendered":"http:\/\/demo.themegrill.com\/colormag\/?page_id=187"},"modified":"2023-02-05T16:32:35","modified_gmt":"2023-02-05T19:32:35","slug":"no-sidebar-full-width","status":"publish","type":"page","link":"https:\/\/dogtagclan.com.br\/blog\/no-sidebar-full-width\/","title":{"rendered":"A dogtagclan \u00e9 confi\u00e1vel ?"},"content":{"rendered":"<blockquote><p>A Dogtagclan \u00e9 uma empresa confi\u00e1vel e comprometida em fornecer dog tags personalizadas de alta qualidade aos seus clientes. Desde 2015,<\/p><\/blockquote>\n<p>A Dogtagclan \u00e9 uma empresa confi\u00e1vel e comprometida em fornecer dog tags personalizadas de alta qualidade aos seus clientes. Desde 2015, a Dogtagclan tem sido l\u00edder na ind\u00fastria de grava\u00e7\u00e3o de dog tags, oferecendo uma ampla variedade de modelos e op\u00e7\u00f5es para personaliza\u00e7\u00e3o.<\/p>\n<p>A equipe da Dogtagclan \u00e9 altamente capacitada e dedicada a garantir a satisfa\u00e7\u00e3o do cliente. Todos os dog tags s\u00e3o feitos com materiais de alta qualidade e s\u00e3o submetidos a rigorosos controles de qualidade antes de serem entregues aos clientes. Al\u00e9m disso, a equipe da Dogtagclan est\u00e1 sempre dispon\u00edvel para responder a quaisquer perguntas ou preocupa\u00e7\u00f5es dos clientes, garantindo que todas as necessidades sejam atendidas de maneira eficiente e profissional.<\/p>\n<p>A Dogtagclan tamb\u00e9m \u00e9 conhecida por sua excel\u00eancia no atendimento ao cliente. Os clientes podem esperar um processo de compra suave e sem problemas, desde a sele\u00e7\u00e3o do modelo at\u00e9 a entrega da dog tag personalizada. Al\u00e9m disso, a Dogtagclan oferece uma garantia de devolu\u00e7\u00e3o do dinheiro em caso de insatisfa\u00e7\u00e3o, o que demonstra o compromisso da empresa com a satisfa\u00e7\u00e3o do cliente.<\/p>\n<p>Em resumo, a Dogtagclan \u00e9 uma empresa confi\u00e1vel que se esfor\u00e7a para fornecer dog tags personalizadas de alta qualidade e um excelente atendimento ao cliente. Se voc\u00ea est\u00e1 procurando por uma empresa de confian\u00e7a para suas necessidades de dog tags personalizadas, a Dogtagclan \u00e9 a escolha certa.<\/p>\n","protected":false},"excerpt":{"rendered":"<p>A Dogtagclan \u00e9 uma empresa confi\u00e1vel e comprometida em fornecer dog tags personalizadas de alta qualidade aos seus clientes. Desde<\/p>\n","protected":false},"author":1,"featured_media":0,"parent":0,"menu_order":0,"comment_status":"open","ping_status":"closed","template":"","meta":{"footnotes":""},"yoast_head":"<!-- This site is optimized with the Yoast SEO Premium plugin v15.5 - https:\/\/yoast.com\/wordpress\/plugins\/seo\/ -->\n<title>A dogtagclan \u00e9 confi\u00e1vel ? | DogTagClan Blog<\/title>\n<meta name=\"description\" content=\"A Dogtagclan \u00e9 uma empresa confi\u00e1vel e comprometida em fornecer dog tags personalizadas de alta qualidade aos seus clientes. Desde 2015\" \/>\n<meta name=\"robots\" content=\"index, follow, max-snippet:-1, max-image-preview:large, max-video-preview:-1\" \/>\n<link rel=\"canonical\" href=\"https:\/\/dogtagclan.com.br\/blog\/no-sidebar-full-width\/\" \/>\n<meta property=\"og:locale\" content=\"pt_BR\" \/>\n<meta property=\"og:type\" content=\"article\" \/>\n<meta property=\"og:title\" content=\"A dogtagclan \u00e9 confi\u00e1vel ? | DogTagClan Blog\" \/>\n<meta property=\"og:description\" content=\"A Dogtagclan \u00e9 uma empresa confi\u00e1vel e comprometida em fornecer dog tags personalizadas de alta qualidade aos seus clientes. Desde 2015\" \/>\n<meta property=\"og:url\" content=\"https:\/\/dogtagclan.com.br\/blog\/no-sidebar-full-width\/\" \/>\n<meta property=\"og:site_name\" content=\"DogTagClan Blog\" \/>\n<meta property=\"article:publisher\" content=\"https:\/\/www.facebook.com\/dogtagclan\" \/>\n<meta property=\"article:modified_time\" content=\"2023-02-05T19:32:35+00:00\" \/>\n<meta name=\"twitter:card\" content=\"summary_large_image\" \/>\n<meta name=\"twitter:label1\" content=\"Est. tempo de leitura\">\n\t<meta name=\"twitter:data1\" content=\"1 minuto\">\n<script type=\"application\/ld+json\" class=\"yoast-schema-graph\">{\"@context\":\"https:\/\/schema.org\",\"@graph\":[{\"@type\":\"Organization\",\"@id\":\"https:\/\/dogtagclan.com.br\/blog\/#organization\",\"name\":\"DogTagClan | Dog Tags, Crach\\u00e1s e Acess\\u00f3rios Personalizados\",\"url\":\"https:\/\/dogtagclan.com.br\/blog\/\",\"sameAs\":[\"https:\/\/www.facebook.com\/dogtagclan\"],\"logo\":{\"@type\":\"ImageObject\",\"@id\":\"https:\/\/dogtagclan.com.br\/blog\/#logo\",\"inLanguage\":\"pt-BR\",\"url\":\"https:\/\/dogtagclan.com.br\/blog\/wp-content\/uploads\/2023\/02\/cropped-doftagclan-logo.png\",\"width\":250,\"height\":140,\"caption\":\"DogTagClan | Dog Tags, Crach\\u00e1s e Acess\\u00f3rios Personalizados\"},\"image\":{\"@id\":\"https:\/\/dogtagclan.com.br\/blog\/#logo\"}},{\"@type\":\"WebSite\",\"@id\":\"https:\/\/dogtagclan.com.br\/blog\/#website\",\"url\":\"https:\/\/dogtagclan.com.br\/blog\/\",\"name\":\"DogTagClan Blog\",\"description\":\"A gente faz, do seu Jeito\",\"publisher\":{\"@id\":\"https:\/\/dogtagclan.com.br\/blog\/#organization\"},\"potentialAction\":[{\"@type\":\"SearchAction\",\"target\":\"https:\/\/dogtagclan.com.br\/blog\/?s={search_term_string}\",\"query-input\":\"required name=search_term_string\"}],\"inLanguage\":\"pt-BR\"},{\"@type\":\"WebPage\",\"@id\":\"https:\/\/dogtagclan.com.br\/blog\/no-sidebar-full-width\/#webpage\",\"url\":\"https:\/\/dogtagclan.com.br\/blog\/no-sidebar-full-width\/\",\"name\":\"A dogtagclan \\u00e9 confi\\u00e1vel ? | DogTagClan Blog\",\"isPartOf\":{\"@id\":\"https:\/\/dogtagclan.com.br\/blog\/#website\"},\"datePublished\":\"2015-06-17T09:24:41+00:00\",\"dateModified\":\"2023-02-05T19:32:35+00:00\",\"description\":\"A Dogtagclan \\u00e9 uma empresa confi\\u00e1vel e comprometida em fornecer dog tags personalizadas de alta qualidade aos seus clientes. Desde 2015\",\"inLanguage\":\"pt-BR\",\"potentialAction\":[{\"@type\":\"ReadAction\",\"target\":[\"https:\/\/dogtagclan.com.br\/blog\/no-sidebar-full-width\/\"]}]}]}<\/script>\n<!-- \/ Yoast SEO Premium plugin. -->","_links":{"self":[{"href":"https:\/\/dogtagclan.com.br\/blog\/wp-json\/wp\/v2\/pages\/187"}],"collection":[{"href":"https:\/\/dogtagclan.com.br\/blog\/wp-json\/wp\/v2\/pages"}],"about":[{"href":"https:\/\/dogtagclan.com.br\/blog\/wp-json\/wp\/v2\/types\/page"}],"author":[{"embeddable":true,"href":"https:\/\/dogtagclan.com.br\/blog\/wp-json\/wp\/v2\/users\/1"}],"replies":[{"embeddable":true,"href":"https:\/\/dogtagclan.com.br\/blog\/wp-json\/wp\/v2\/comments?post=187"}],"version-history":[{"count":0,"href":"https:\/\/dogtagclan.com.br\/blog\/wp-json\/wp\/v2\/pages\/187\/revisions"}],"wp:attachment":[{"href":"https:\/\/dogtagclan.com.br\/blog\/wp-json\/wp\/v2\/media?parent=187"}],"curies":[{"name":"wp","href":"https:\/\/api.w.org\/{rel}","templated":true}]}}